{"id":893,"date":"2021-11-11T12:42:49","date_gmt":"2021-11-11T12:42:49","guid":{"rendered":"https:\/\/erkahome.hu\/?page_id=893"},"modified":"2025-12-14T10:51:33","modified_gmt":"2025-12-14T10:51:33","slug":"foglalas","status":"publish","type":"page","link":"https:\/\/erkahome.hu\/?page_id=893","title":{"rendered":"Aj\u00e1nlatk\u00e9r\u00e9s"},"content":{"rendered":"\t\t<div data-elementor-type=\"wp-page\" data-elementor-id=\"893\" class=\"elementor elementor-893\" data-elementor-settings=\"[]\">\n\t\t\t\t\t\t\t<div class=\"elementor-section-wrap\">\n\t\t\t\t\t\t\t<section class=\"ob-is-breaking-bad elementor-section elementor-top-section elementor-element elementor-element-b76792a elementor-section-boxed elementor-section-height-default elementor-section-height-default\" data-id=\"b76792a\" data-element_type=\"section\" data-settings=\"{&quot;_ob_bbad_use_it&quot;:&quot;yes&quot;,&quot;_ob_bbad_sssic_use&quot;:&quot;no&quot;,&quot;_ob_glider_is_slider&quot;:&quot;no&quot;}\">\n\t\t\t\t\t\t<div class=\"elementor-container elementor-column-gap-wider\">\n\t\t\t\t\t<div class=\"elementor-column elementor-col-100 elementor-top-column elementor-element elementor-element-4f4f9ad\" data-id=\"4f4f9ad\" data-element_type=\"column\" data-settings=\"{&quot;_ob_bbad_is_stalker&quot;:&quot;no&quot;,&quot;_ob_teleporter_use&quot;:false,&quot;_ob_column_hoveranimator&quot;:&quot;no&quot;,&quot;_ob_column_has_pseudo&quot;:&quot;no&quot;}\">\n\t\t\t<div class=\"elementor-widget-wrap elementor-element-populated\">\n\t\t\t\t\t\t\t\t<div class=\"elementor-element elementor-element-f495e2e ob-harakiri-inherit elementor-widget elementor-widget-heading\" data-id=\"f495e2e\" data-element_type=\"widget\" data-settings=\"{&quot;_ob_harakiri_writing_mode&quot;:&quot;inherit&quot;,&quot;_ob_perspektive_use&quot;:&quot;no&quot;,&quot;_ob_shadough_use&quot;:&quot;no&quot;,&quot;_ob_allow_hoveranimator&quot;:&quot;no&quot;,&quot;_ob_widget_stalker_use&quot;:&quot;no&quot;}\" data-widget_type=\"heading.default\">\n\t\t\t\t<div class=\"elementor-widget-container\">\n\t\t\t<h4 class=\"elementor-heading-title elementor-size-default\"><div><div><main role=\"main\"><div><div><div><article><div itemprop=\"text\"><div data-elementor-type=\"wp-page\" data-elementor-id=\"893\" data-elementor-title=\"Oldal\"><div><section data-id=\"5496296\" data-element_type=\"section\" data-model-cid=\"c1776\"><div><div data-id=\"1b317ce\" data-element_type=\"column\" data-col=\"100\" data-model-cid=\"c2177\"><div><div data-id=\"132d6a1\" data-element_type=\"widget\" data-model-cid=\"c2651\" data-widget_type=\"heading.default\"><div><h4 data-elementor-setting-key=\"title\" data-pen-placeholder=\"Ide \u00edrj...\" contenteditable=\"true\"><div><div><div><div data-uk-grid-match=\"\" data-uk-grid-margin=\"\"><div><main><article><h2><\/h2><h4 data-elementor-setting-key=\"title\" data-pen-placeholder=\"Ide \u00edrj...\" contenteditable=\"true\"><\/h4><h2>\u00dczenet \/ foglal\u00e1si ig\u00e9nyl\u0151 k\u00fcld\u00e9se\n<\/h2><\/article><\/main><\/div><\/div><\/div><\/div><\/div><\/h4><\/div><\/div><\/div><\/div><\/div><\/section><\/div><\/div><\/div><\/article><\/div><\/div><\/div><\/main><\/div><\/div><div><div><div><div data-uk-grid-match=\"\" data-uk-grid-margin=\"\"><div><main><article><h2><\/h2><\/article><\/main><\/div><\/div><\/div><\/div><\/div>Fontos: Az al\u00e1bbi foglal\u00e1si ig\u00e9nyl\u0151 bek\u00fcld\u00e9se inform\u00e1ci\u00f3 jelleg\u0171 \u00e9s NEM \nmin\u0151s\u00fcl foglal\u00e1snak!<br> Foglal\u00e1s\u00e1ra kiz\u00e1r\u00f3lag pozit\u00edv visszajelz\u00e9s\u00fcnk ut\u00e1n \nvan lehet\u0151s\u00e9ge. Meg\u00e9rt\u00e9s\u00e9t el\u0151re k\u00f6sz\u00f6nj\u00fck!<br><br>Emailben \u00e9rtes\u00edtj\u00fck az egy\u00e9b inform\u00e1ci\u00f3r\u00f3l \u00e9s az el\u0151leg befizet\u00e9s\u00e9r\u0151l.<\/h4>\t\t<\/div>\n\t\t\t\t<\/div>\n\t\t\t\t<section class=\"ob-is-breaking-bad ob-bb-inner elementor-section elementor-inner-section elementor-element elementor-element-cfb44c9 elementor-section-boxed elementor-section-height-default elementor-section-height-default\" data-id=\"cfb44c9\" data-element_type=\"section\" data-settings=\"{&quot;_ob_bbad_use_it&quot;:&quot;yes&quot;,&quot;_ob_bbad_sssic_use&quot;:&quot;no&quot;,&quot;_ob_glider_is_slider&quot;:&quot;no&quot;}\">\n\t\t\t\t\t\t<div class=\"elementor-container elementor-column-gap-default\">\n\t\t\t\t\t<div class=\"elementor-column elementor-col-50 elementor-inner-column elementor-element elementor-element-bd55ac0\" data-id=\"bd55ac0\" data-element_type=\"column\" data-settings=\"{&quot;_ob_bbad_is_stalker&quot;:&quot;no&quot;,&quot;_ob_teleporter_use&quot;:false,&quot;_ob_column_hoveranimator&quot;:&quot;no&quot;,&quot;_ob_column_has_pseudo&quot;:&quot;no&quot;}\">\n\t\t\t<div class=\"elementor-widget-wrap elementor-element-populated\">\n\t\t\t\t\t\t\t\t<div class=\"elementor-element elementor-element-c7ca827 elementor-widget elementor-widget-shortcode\" data-id=\"c7ca827\" data-element_type=\"widget\" data-settings=\"{&quot;_ob_perspektive_use&quot;:&quot;no&quot;,&quot;_ob_shadough_use&quot;:&quot;no&quot;,&quot;_ob_allow_hoveranimator&quot;:&quot;no&quot;,&quot;_ob_widget_stalker_use&quot;:&quot;no&quot;}\" data-widget_type=\"shortcode.default\">\n\t\t\t\t<div class=\"elementor-widget-container\">\n\t\t\t\t\t<div class=\"elementor-shortcode\"><div class=\"forminator-ui forminator-custom-form forminator-custom-form-1204 forminator-design--default  forminator_ajax\" data-forminator-render=\"0\" data-form=\"forminator-module-1204\"><br\/><\/div><form\n\t\t\t\tid=\"forminator-module-1204\"\n\t\t\t\tclass=\"forminator-ui forminator-custom-form forminator-custom-form-1204 forminator-design--default  forminator_ajax\"\n\t\t\t\tmethod=\"post\"\n\t\t\t\tdata-forminator-render=\"0\"\n\t\t\t\tdata-form-id=\"1204\"\n\t\t\t\t\n\t\t\t\tdata-design=\"default\"\n\t\t\t\t\n\t\t\t\t\n\t\t\t\t\n\t\t\t\tdata-grid=\"open\"\n\t\t\t\t\n\t\t\t\t\n\t\t\t\tstyle=\"display: none;\"\n\t\t\t><div class=\"forminator-response-message forminator-error\" aria-hidden=\"true\"><\/div><div class=\"forminator-row\"><div id=\"name-1\" class=\"forminator-col forminator-col-12 \"><div class=\"forminator-field\"><label for=\"forminator-field-name-1\" class=\"forminator-label\">N\u00e9v <span class=\"forminator-required\">*<\/span><\/label><input type=\"text\" name=\"name-1\" value=\"\" placeholder=\"\" id=\"forminator-field-name-1\" class=\"forminator-input forminator-name--field\" aria-required=\"true\" \/><\/div><\/div><\/div><div class=\"forminator-row\"><div id=\"email-1\" class=\"forminator-col forminator-col-12 \"><div class=\"forminator-field\"><label for=\"forminator-field-email-1\" class=\"forminator-label\">Email c\u00edm <span class=\"forminator-required\">*<\/span><\/label><input type=\"email\" name=\"email-1\" value=\"\" placeholder=\"\" id=\"forminator-field-email-1\" class=\"forminator-input forminator-email--field\" data-required=\"1\" aria-required=\"true\" \/><\/div><\/div><\/div><div class=\"forminator-row\"><div id=\"phone-1\" class=\"forminator-col forminator-col-12 \"><div class=\"forminator-field\"><label for=\"forminator-field-phone-1\" class=\"forminator-label\">Telefonsz\u00e1m <span class=\"forminator-required\">*<\/span><\/label><input type=\"text\" name=\"phone-1\" value=\"\" placeholder=\"\" id=\"forminator-field-phone-1\" class=\"forminator-input forminator-field--phone\" data-required=\"1\" aria-required=\"true\" autocomplete=\"off\" \/><\/div><\/div><\/div><div class=\"forminator-row\"><div id=\"select-1\" class=\"forminator-col forminator-col-12 \"><div class=\"forminator-field\"><label for=\"forminator-form-1204__field--select-1-label\" class=\"forminator-label\">Vend\u00e9gek sz\u00e1ma <span class=\"forminator-required\">*<\/span><\/label><select id=\"forminator-form-1204__field--select-1\" class=\"forminator-select--field forminator-select2\" data-required=\"1\" name=\"select-1\" data-default-value=\"\" data-placeholder=\"-Kiv\u00e1lasztom-\" data-search=\"false\"><option value=\"\">-Kiv\u00e1lasztom-<\/option><option value=\"1\"  data-calculation=\"0\">1<\/option><option value=\"2\"  data-calculation=\"0\">2<\/option><option value=\"3\"  data-calculation=\"0\">3<\/option><option value=\"2-feln\u0151tt-+-2-gyermek\"  data-calculation=\"0\">2 feln\u0151tt + 2 gyermek<\/option><\/select><\/div><\/div><\/div><div class=\"forminator-row\"><div id=\"date-2\" class=\"forminator-col forminator-col-6 \"><div class=\"forminator-field\"><label for=\"forminator-field-date-2-picker-69f355dbdc739\" class=\"forminator-label\">\u00c9rkez\u00e9s ideje <span class=\"forminator-required\">*<\/span><\/label><div class=\"forminator-input-with-icon\"><label for=\"forminator-field-date-2-picker-69f355dbdc739\"><span class=\"forminator-icon-calendar\" aria-hidden=\"true\"><\/span><\/label><input autocomplete=\"off\" type=\"text\" size=\"1\" name=\"date-2\" value=\"\" placeholder=\"Kiv\u00e1lasztom...\" id=\"forminator-field-date-2-picker-69f355dbdc739\" class=\"forminator-input forminator-datepicker\" data-required=\"1\" data-format=\"yy-mm-dd\" data-restrict-type=\"\" data-restrict=\"\" data-start-year=\"1926\" data-end-year=\"2126\" data-past-dates=\"enable\" data-start-of-week=\"1\" data-start-date=\"\" data-end-date=\"\" data-start-field=\"\" data-end-field=\"\" data-start-offset=\"\" data-end-offset=\"\" data-disable-date=\"05\/05\/2022,05\/06\/2022,05\/07\/2022,06\/09\/2022,06\/10\/2022,06\/11\/2022,05\/16\/2022,07\/02\/2022,07\/03\/2022,07\/04\/2022,07\/05\/2022,07\/06\/2022,07\/07\/2022,07\/08\/2022,05\/20\/2022,05\/21\/2022,05\/14\/2022,05\/15\/2022,08\/13\/2022,08\/14\/2022,08\/15\/2022,05\/11\/2022,05\/12\/2022,06\/03\/2022,06\/04\/2022,06\/05\/2022,06\/06\/2022\" data-disable-range=\"\" \/><\/div><\/div><\/div><div id=\"date-1\" class=\"forminator-col forminator-col-6 \"><div class=\"forminator-field\"><label for=\"forminator-field-date-1-picker-69f355dbdc765\" class=\"forminator-label\">T\u00e1voz\u00e1s ideje <span class=\"forminator-required\">*<\/span><\/label><div class=\"forminator-input-with-icon\"><label for=\"forminator-field-date-1-picker-69f355dbdc765\"><span class=\"forminator-icon-calendar\" aria-hidden=\"true\"><\/span><\/label><input autocomplete=\"off\" type=\"text\" size=\"1\" name=\"date-1\" value=\"\" placeholder=\"Kiv\u00e1lasztom...\" id=\"forminator-field-date-1-picker-69f355dbdc765\" class=\"forminator-input forminator-datepicker\" data-required=\"1\" data-format=\"yy-mm-dd\" data-restrict-type=\"\" data-restrict=\"\" data-start-year=\"1926\" data-end-year=\"2126\" data-past-dates=\"enable\" data-start-of-week=\"1\" data-start-date=\"\" data-end-date=\"\" data-start-field=\"\" data-end-field=\"\" data-start-offset=\"\" data-end-offset=\"\" data-disable-date=\"\" data-disable-range=\"05\/05\/2022 - 05\/07\/2022,06\/09\/2022 - 06\/11\/2022,05\/16\/2022 - 05\/16\/2022,07\/02\/2022 - 07\/08\/2022,05\/20\/2022 - 05\/21\/2022,05\/14\/2022 - 05\/15\/2022,08\/13\/2022 - 08\/15\/2022,05\/11\/2022 - 05\/12\/2022,06\/03\/2022 - 06\/06\/2022\" \/><\/div><\/div><\/div><\/div><div class=\"forminator-row\"><div id=\"textarea-1\" class=\"forminator-col forminator-col-12 \"><div class=\"forminator-field\"><label for=\"forminator-field-textarea-1\" class=\"forminator-label\">\u00dczenet a sz\u00e1ll\u00e1sad\u00f3nak <span class=\"forminator-required\">*<\/span><\/label><textarea name=\"textarea-1\" placeholder=\"Pl.: tov\u00e1bbi k\u00e9rd\u00e9sek, inform\u00e1ci\u00f3k, stb...\" id=\"forminator-field-textarea-1\" class=\"forminator-textarea\" rows=\"6\" style=\"min-height:140px;\" ><\/textarea><\/div><\/div><\/div><div class=\"forminator-row\"><div id=\"consent-2\" class=\"forminator-col forminator-col-12 \"><div class=\"forminator-field\"><div class=\"forminator-checkbox__wrapper\"><label for=\"forminator-field-consent-2-69f355dbdc7f4\" class=\"forminator-checkbox\" style=\"margin: 0;\" aria-labelledby=\"forminator-field-consent-2-69f355dbdc7f4__label\"><input type=\"checkbox\" name=\"consent-2\" value=\"checked\" id=\"forminator-field-consent-2-69f355dbdc7f4\" data-required=\"true\" aria-required=\"true\" \/><span class=\"forminator-checkbox-box\" aria-hidden=\"true\"><\/span><\/label><div id=\"forminator-field-consent-2-69f355dbdc7f4__label\" class=\"forminator-checkbox__label\"><p>Elfogadom, hogy a sz\u00e1ll\u00e1shely el\u0151leg befizet\u00e9s\u00e9t k\u00e9ri.<\/p><\/div><\/div><\/div><\/div><\/div><div class=\"forminator-row\"><div id=\"consent-1\" class=\"forminator-col forminator-col-12 \"><div class=\"forminator-field\"><div class=\"forminator-checkbox__wrapper\"><label for=\"forminator-field-consent-1-69f355dbdc87c\" class=\"forminator-checkbox\" style=\"margin: 0;\" aria-labelledby=\"forminator-field-consent-1-69f355dbdc87c__label\"><input type=\"checkbox\" name=\"consent-1\" value=\"checked\" id=\"forminator-field-consent-1-69f355dbdc87c\" data-required=\"true\" aria-required=\"true\" \/><span class=\"forminator-checkbox-box\" aria-hidden=\"true\"><\/span><\/label><div id=\"forminator-field-consent-1-69f355dbdc87c__label\" class=\"forminator-checkbox__label\"><p>Igen, elfogadom az <strong><a href=\"https:\/\/erkahome.hu\/?page_id=1376\" target=\"_blank\" rel=\"noopener\">Adatv\u00e9delmi t\u00e1j\u00e9koztat\u00f3t\u00a0<\/a> <\/strong>\u00e9s az <a href=\"https:\/\/erkahome.hu\/?page_id=1370\" target=\"_blank\" rel=\"noopener\"><strong>\u00c1ltal\u00e1nos szerz\u0151d\u00e9si felt\u00e9teleket.<\/strong><\/a><\/p><\/div><\/div><\/div><\/div><\/div><input type=\"hidden\" name=\"referer_url\" value=\"\" \/><div class=\"forminator-row forminator-row-last\"><div class=\"forminator-col\"><div class=\"forminator-field\"><button class=\"forminator-button forminator-button-submit\">K&Uuml;LD&Eacute;S<\/button><\/div><\/div><\/div><input type=\"hidden\" id=\"forminator_nonce\" name=\"forminator_nonce\" value=\"dd8a695eb6\" \/><input type=\"hidden\" name=\"_wp_http_referer\" value=\"\/index.php?rest_route=%2Fwp%2Fv2%2Fpages%2F893\" \/><input type=\"hidden\" name=\"form_id\" value=\"1204\"><input type=\"hidden\" name=\"page_id\" value=\"893\"><input type=\"hidden\" name=\"form_type\" value=\"default\"><input type=\"hidden\" name=\"current_url\" value=\"https:\/\/erkahome.hu\/?rest_route=%2Fwp%2Fv2%2Fpages%2F893\"><input type=\"hidden\" name=\"render_id\" value=\"0\"><input type=\"hidden\" name=\"action\" value=\"forminator_submit_form_custom-forms\"><\/form><\/div>\n\t\t\t\t<\/div>\n\t\t\t\t<\/div>\n\t\t\t\t\t<\/div>\n\t\t<\/div>\n\t\t\t\t<div class=\"elementor-column elementor-col-50 elementor-inner-column elementor-element elementor-element-1793508\" data-id=\"1793508\" data-element_type=\"column\" data-settings=\"{&quot;_ob_bbad_is_stalker&quot;:&quot;no&quot;,&quot;_ob_teleporter_use&quot;:false,&quot;_ob_column_hoveranimator&quot;:&quot;no&quot;,&quot;_ob_column_has_pseudo&quot;:&quot;no&quot;}\">\n\t\t\t<div class=\"elementor-widget-wrap elementor-element-populated\">\n\t\t\t\t\t\t\t\t<div class=\"elementor-element elementor-element-811efc0 elementor-widget elementor-widget-spacer\" data-id=\"811efc0\" data-element_type=\"widget\" data-settings=\"{&quot;_ob_spacerat_use&quot;:&quot;no&quot;,&quot;_ob_perspektive_use&quot;:&quot;no&quot;,&quot;_ob_shadough_use&quot;:&quot;no&quot;,&quot;_ob_allow_hoveranimator&quot;:&quot;no&quot;,&quot;_ob_widget_stalker_use&quot;:&quot;no&quot;}\" data-widget_type=\"spacer.default\">\n\t\t\t\t<div class=\"elementor-widget-container\">\n\t\t\t\t\t<div class=\"elementor-spacer\">\n\t\t\t<div class=\"elementor-spacer-inner\"><\/div>\n\t\t<\/div>\n\t\t\t\t<\/div>\n\t\t\t\t<\/div>\n\t\t\t\t<div class=\"elementor-element elementor-element-cd4629c elementor-widget elementor-widget-image\" data-id=\"cd4629c\" data-element_type=\"widget\" data-settings=\"{&quot;_ob_photomorph_use&quot;:&quot;no&quot;,&quot;_ob_perspektive_use&quot;:&quot;no&quot;,&quot;_ob_shadough_use&quot;:&quot;no&quot;,&quot;_ob_allow_hoveranimator&quot;:&quot;no&quot;,&quot;_ob_widget_stalker_use&quot;:&quot;no&quot;}\" data-widget_type=\"image.default\">\n\t\t\t\t<div class=\"elementor-widget-container\">\n\t\t\t\t\t\t\t\t\t\t\t\t\t\t\t<img loading=\"lazy\" decoding=\"async\" width=\"819\" height=\"1024\" src=\"https:\/\/erkahome.hu\/wp-content\/uploads\/2025\/12\/Brown-and-Cream-Simple-Spa-Price-List-Instagram-Post-819x1024.png\" class=\"attachment-large size-large\" alt=\"\" srcset=\"https:\/\/erkahome.hu\/wp-content\/uploads\/2025\/12\/Brown-and-Cream-Simple-Spa-Price-List-Instagram-Post-819x1024.png 819w, https:\/\/erkahome.hu\/wp-content\/uploads\/2025\/12\/Brown-and-Cream-Simple-Spa-Price-List-Instagram-Post-240x300.png 240w, https:\/\/erkahome.hu\/wp-content\/uploads\/2025\/12\/Brown-and-Cream-Simple-Spa-Price-List-Instagram-Post-768x960.png 768w, https:\/\/erkahome.hu\/wp-content\/uploads\/2025\/12\/Brown-and-Cream-Simple-Spa-Price-List-Instagram-Post.png 1080w\" sizes=\"auto, (max-width: 819px) 100vw, 819px\" \/>\t\t\t\t\t\t\t\t\t\t\t\t\t\t\t<\/div>\n\t\t\t\t<\/div>\n\t\t\t\t<div class=\"elementor-element elementor-element-d2b5e4d elementor-widget elementor-widget-image\" data-id=\"d2b5e4d\" data-element_type=\"widget\" data-settings=\"{&quot;_ob_photomorph_use&quot;:&quot;no&quot;,&quot;_ob_perspektive_use&quot;:&quot;no&quot;,&quot;_ob_shadough_use&quot;:&quot;no&quot;,&quot;_ob_allow_hoveranimator&quot;:&quot;no&quot;,&quot;_ob_widget_stalker_use&quot;:&quot;no&quot;}\" data-widget_type=\"image.default\">\n\t\t\t\t<div class=\"elementor-widget-container\">\n\t\t\t\t\t\t\t\t\t\t\t\t\t\t\t<img loading=\"lazy\" decoding=\"async\" width=\"300\" height=\"101\" src=\"https:\/\/erkahome.hu\/wp-content\/uploads\/2022\/11\/mknj-1-300x101.png\" class=\"attachment-medium size-medium\" alt=\"\" srcset=\"https:\/\/erkahome.hu\/wp-content\/uploads\/2022\/11\/mknj-1-300x101.png 300w, https:\/\/erkahome.hu\/wp-content\/uploads\/2022\/11\/mknj-1-1024x346.png 1024w, https:\/\/erkahome.hu\/wp-content\/uploads\/2022\/11\/mknj-1-768x260.png 768w, https:\/\/erkahome.hu\/wp-content\/uploads\/2022\/11\/mknj-1.png 1079w\" sizes=\"auto, (max-width: 300px) 100vw, 300px\" \/>\t\t\t\t\t\t\t\t\t\t\t\t\t\t\t<\/div>\n\t\t\t\t<\/div>\n\t\t\t\t\t<\/div>\n\t\t<\/div>\n\t\t\t\t\t\t\t<\/div>\n\t\t<\/section>\n\t\t\t\t\t<\/div>\n\t\t<\/div>\n\t\t\t\t\t\t\t<\/div>\n\t\t<\/section>\n\t\t\t\t<section class=\"ob-is-breaking-bad elementor-section elementor-top-section elementor-element elementor-element-8915f1e elementor-section-boxed elementor-section-height-default elementor-section-height-default\" data-id=\"8915f1e\" data-element_type=\"section\" data-settings=\"{&quot;_ob_bbad_use_it&quot;:&quot;yes&quot;,&quot;_ob_bbad_sssic_use&quot;:&quot;no&quot;,&quot;_ob_glider_is_slider&quot;:&quot;no&quot;}\">\n\t\t\t\t\t\t<div class=\"elementor-container elementor-column-gap-default\">\n\t\t\t\t\t<div class=\"elementor-column elementor-col-100 elementor-top-column elementor-element elementor-element-414acb5\" data-id=\"414acb5\" data-element_type=\"column\" data-settings=\"{&quot;_ob_bbad_is_stalker&quot;:&quot;no&quot;,&quot;_ob_teleporter_use&quot;:false,&quot;_ob_column_hoveranimator&quot;:&quot;no&quot;,&quot;_ob_column_has_pseudo&quot;:&quot;no&quot;}\">\n\t\t\t<div class=\"elementor-widget-wrap elementor-element-populated\">\n\t\t\t\t\t\t\t\t<section class=\"ob-is-breaking-bad ob-bb-inner elementor-section elementor-inner-section elementor-element elementor-element-d43c6c9 elementor-section-boxed elementor-section-height-default elementor-section-height-default\" data-id=\"d43c6c9\" data-element_type=\"section\" data-settings=\"{&quot;_ob_bbad_use_it&quot;:&quot;yes&quot;,&quot;_ob_bbad_sssic_use&quot;:&quot;no&quot;,&quot;_ob_glider_is_slider&quot;:&quot;no&quot;}\">\n\t\t\t\t\t\t<div class=\"elementor-container elementor-column-gap-default\">\n\t\t\t\t\t<div class=\"elementor-column elementor-col-50 elementor-inner-column elementor-element elementor-element-ecb8496\" data-id=\"ecb8496\" data-element_type=\"column\" data-settings=\"{&quot;_ob_bbad_is_stalker&quot;:&quot;no&quot;,&quot;_ob_teleporter_use&quot;:false,&quot;_ob_column_hoveranimator&quot;:&quot;no&quot;,&quot;_ob_column_has_pseudo&quot;:&quot;no&quot;}\">\n\t\t\t<div class=\"elementor-widget-wrap elementor-element-populated\">\n\t\t\t\t\t\t\t\t\t<\/div>\n\t\t<\/div>\n\t\t\t\t<div class=\"elementor-column elementor-col-50 elementor-inner-column elementor-element elementor-element-eab1d04\" data-id=\"eab1d04\" data-element_type=\"column\" data-settings=\"{&quot;_ob_bbad_is_stalker&quot;:&quot;no&quot;,&quot;_ob_teleporter_use&quot;:false,&quot;_ob_column_hoveranimator&quot;:&quot;no&quot;,&quot;_ob_column_has_pseudo&quot;:&quot;no&quot;}\">\n\t\t\t<div class=\"elementor-widget-wrap\">\n\t\t\t\t\t\t\t\t\t<\/div>\n\t\t<\/div>\n\t\t\t\t\t\t\t<\/div>\n\t\t<\/section>\n\t\t\t\t\t<\/div>\n\t\t<\/div>\n\t\t\t\t\t\t\t<\/div>\n\t\t<\/section>\n\t\t\t\t<section class=\"ob-is-breaking-bad elementor-section elementor-top-section elementor-element elementor-element-5496296 elementor-section-boxed elementor-section-height-default elementor-section-height-default\" data-id=\"5496296\" data-element_type=\"section\" data-settings=\"{&quot;_ob_bbad_use_it&quot;:&quot;yes&quot;,&quot;_ob_bbad_sssic_use&quot;:&quot;no&quot;,&quot;_ob_glider_is_slider&quot;:&quot;no&quot;}\">\n\t\t\t\t\t\t<div class=\"elementor-container elementor-column-gap-default\">\n\t\t\t\t\t<div class=\"elementor-column elementor-col-100 elementor-top-column elementor-element elementor-element-1b317ce\" data-id=\"1b317ce\" data-element_type=\"column\" data-settings=\"{&quot;_ob_bbad_is_stalker&quot;:&quot;no&quot;,&quot;_ob_teleporter_use&quot;:false,&quot;_ob_column_hoveranimator&quot;:&quot;no&quot;,&quot;_ob_column_has_pseudo&quot;:&quot;no&quot;}\">\n\t\t\t<div class=\"elementor-widget-wrap\">\n\t\t\t\t\t\t\t\t\t<\/div>\n\t\t<\/div>\n\t\t\t\t\t\t\t<\/div>\n\t\t<\/section>\n\t\t\t\t\t\t<\/div>\n\t\t\t\t\t<\/div>\n\t\t","protected":false},"excerpt":{"rendered":"<p>\u00dczenet \/ foglal\u00e1si ig\u00e9nyl\u0151 k\u00fcld\u00e9se Fontos: Az al\u00e1bbi foglal\u00e1si ig\u00e9nyl\u0151 bek\u00fcld\u00e9se inform\u00e1ci\u00f3 jelleg\u0171 \u00e9s NEM min\u0151s\u00fcl foglal\u00e1snak! Foglal\u00e1s\u00e1ra kiz\u00e1r\u00f3lag pozit\u00edv visszajelz\u00e9s\u00fcnk ut\u00e1n van lehet\u0151s\u00e9ge. Meg\u00e9rt\u00e9s\u00e9t el\u0151re k\u00f6sz\u00f6nj\u00fck! Emailben \u00e9rtes\u00edtj\u00fck az egy\u00e9b inform\u00e1ci\u00f3r\u00f3l \u00e9s az el\u0151leg befizet\u00e9s\u00e9r\u0151l.<\/p>\n","protected":false},"author":1,"featured_media":0,"parent":0,"menu_order":0,"comment_status":"closed","ping_status":"closed","template":"","meta":{"footnotes":""},"class_list":["post-893","page","type-page","status-publish","hentry","entry"],"_links":{"self":[{"href":"https:\/\/erkahome.hu\/index.php?rest_route=\/wp\/v2\/pages\/893","targetHints":{"allow":["GET"]}}],"collection":[{"href":"https:\/\/erkahome.hu\/index.php?rest_route=\/wp\/v2\/pages"}],"about":[{"href":"https:\/\/erkahome.hu\/index.php?rest_route=\/wp\/v2\/types\/page"}],"author":[{"embeddable":true,"href":"https:\/\/erkahome.hu\/index.php?rest_route=\/wp\/v2\/users\/1"}],"replies":[{"embeddable":true,"href":"https:\/\/erkahome.hu\/index.php?rest_route=%2Fwp%2Fv2%2Fcomments&post=893"}],"version-history":[{"count":106,"href":"https:\/\/erkahome.hu\/index.php?rest_route=\/wp\/v2\/pages\/893\/revisions"}],"predecessor-version":[{"id":1565,"href":"https:\/\/erkahome.hu\/index.php?rest_route=\/wp\/v2\/pages\/893\/revisions\/1565"}],"wp:attachment":[{"href":"https:\/\/erkahome.hu\/index.php?rest_route=%2Fwp%2Fv2%2Fmedia&parent=893"}],"curies":[{"name":"wp","href":"https:\/\/api.w.org\/{rel}","templated":true}]}}