{"id":501,"date":"2016-09-27T15:47:43","date_gmt":"2016-09-27T15:47:43","guid":{"rendered":"http:\/\/fitness2.mythemecloud.io\/?page_id=501"},"modified":"2025-12-14T11:14:36","modified_gmt":"2025-12-14T11:14:36","slug":"programok","status":"publish","type":"page","link":"https:\/\/erkahome.hu\/?page_id=501","title":{"rendered":"Programok"},"content":{"rendered":"\t\t<div data-elementor-type=\"wp-page\" data-elementor-id=\"501\" class=\"elementor elementor-501\" data-elementor-settings=\"[]\">\n\t\t\t\t\t\t\t<div class=\"elementor-section-wrap\">\n\t\t\t\t\t\t\t<section class=\"ob-is-breaking-bad elementor-section elementor-top-section elementor-element elementor-element-qfwcgay elementor-section-boxed elementor-section-height-default elementor-section-height-default\" data-id=\"qfwcgay\" data-element_type=\"section\" data-settings=\"{&quot;_ob_bbad_use_it&quot;:&quot;yes&quot;,&quot;_ob_bbad_sssic_use&quot;:&quot;no&quot;,&quot;_ob_glider_is_slider&quot;:&quot;no&quot;}\">\n\t\t\t\t\t\t<div class=\"elementor-container elementor-column-gap-default\">\n\t\t\t\t\t<div class=\"elementor-column elementor-col-100 elementor-top-column elementor-element elementor-element-oyyyslh\" data-id=\"oyyyslh\" data-element_type=\"column\" data-settings=\"{&quot;_ob_bbad_is_stalker&quot;:&quot;no&quot;,&quot;_ob_teleporter_use&quot;:false,&quot;_ob_column_hoveranimator&quot;:&quot;no&quot;,&quot;_ob_column_has_pseudo&quot;:&quot;no&quot;}\">\n\t\t\t<div class=\"elementor-widget-wrap elementor-element-populated\">\n\t\t\t\t\t\t\t\t<div class=\"elementor-element elementor-element-9576884 elementor-widget elementor-widget-image\" data-id=\"9576884\" data-element_type=\"widget\" data-settings=\"{&quot;_ob_photomorph_use&quot;:&quot;no&quot;,&quot;_ob_perspektive_use&quot;:&quot;no&quot;,&quot;_ob_shadough_use&quot;:&quot;no&quot;,&quot;_ob_allow_hoveranimator&quot;:&quot;no&quot;,&quot;_ob_widget_stalker_use&quot;:&quot;no&quot;}\" data-widget_type=\"image.default\">\n\t\t\t\t<div class=\"elementor-widget-container\">\n\t\t\t\t\t\t\t\t\t\t\t\t\t\t\t<img loading=\"lazy\" decoding=\"async\" width=\"1414\" height=\"2000\" src=\"https:\/\/erkahome.hu\/wp-content\/uploads\/2025\/12\/Blue-and-Black-Modern-Real-Estate-For-Sale-Flyer-7.png\" class=\"attachment-2048x2048 size-2048x2048\" alt=\"\" srcset=\"https:\/\/erkahome.hu\/wp-content\/uploads\/2025\/12\/Blue-and-Black-Modern-Real-Estate-For-Sale-Flyer-7.png 1414w, https:\/\/erkahome.hu\/wp-content\/uploads\/2025\/12\/Blue-and-Black-Modern-Real-Estate-For-Sale-Flyer-7-212x300.png 212w, https:\/\/erkahome.hu\/wp-content\/uploads\/2025\/12\/Blue-and-Black-Modern-Real-Estate-For-Sale-Flyer-7-724x1024.png 724w, https:\/\/erkahome.hu\/wp-content\/uploads\/2025\/12\/Blue-and-Black-Modern-Real-Estate-For-Sale-Flyer-7-768x1086.png 768w, https:\/\/erkahome.hu\/wp-content\/uploads\/2025\/12\/Blue-and-Black-Modern-Real-Estate-For-Sale-Flyer-7-1086x1536.png 1086w\" sizes=\"auto, (max-width: 1414px) 100vw, 1414px\" \/>\t\t\t\t\t\t\t\t\t\t\t\t\t\t\t<\/div>\n\t\t\t\t<\/div>\n\t\t\t\t\t<\/div>\n\t\t<\/div>\n\t\t\t\t\t\t\t<\/div>\n\t\t<\/section>\n\t\t\t\t<section class=\"ob-is-breaking-bad elementor-section elementor-top-section elementor-element elementor-element-d9fb755 elementor-section-boxed elementor-section-height-default elementor-section-height-default\" data-id=\"d9fb755\" data-element_type=\"section\" data-settings=\"{&quot;_ob_bbad_use_it&quot;:&quot;yes&quot;,&quot;_ob_bbad_sssic_use&quot;:&quot;no&quot;,&quot;_ob_glider_is_slider&quot;:&quot;no&quot;}\">\n\t\t\t\t\t\t<div class=\"elementor-container elementor-column-gap-default\">\n\t\t\t\t\t<div class=\"elementor-column elementor-col-100 elementor-top-column elementor-element elementor-element-f2f6136\" data-id=\"f2f6136\" data-element_type=\"column\" data-settings=\"{&quot;_ob_bbad_is_stalker&quot;:&quot;no&quot;,&quot;_ob_teleporter_use&quot;:false,&quot;_ob_column_hoveranimator&quot;:&quot;no&quot;,&quot;_ob_column_has_pseudo&quot;:&quot;no&quot;}\">\n\t\t\t<div class=\"elementor-widget-wrap elementor-element-populated\">\n\t\t\t\t\t\t\t\t<div class=\"elementor-element elementor-element-0d40e76 elementor-widget elementor-widget-spacer\" data-id=\"0d40e76\" data-element_type=\"widget\" data-settings=\"{&quot;_ob_spacerat_use&quot;:&quot;no&quot;,&quot;_ob_perspektive_use&quot;:&quot;no&quot;,&quot;_ob_shadough_use&quot;:&quot;no&quot;,&quot;_ob_allow_hoveranimator&quot;:&quot;no&quot;,&quot;_ob_widget_stalker_use&quot;:&quot;no&quot;}\" data-widget_type=\"spacer.default\">\n\t\t\t\t<div class=\"elementor-widget-container\">\n\t\t\t\t\t<div class=\"elementor-spacer\">\n\t\t\t<div class=\"elementor-spacer-inner\"><\/div>\n\t\t<\/div>\n\t\t\t\t<\/div>\n\t\t\t\t<\/div>\n\t\t\t\t\t<\/div>\n\t\t<\/div>\n\t\t\t\t\t\t\t<\/div>\n\t\t<\/section>\n\t\t\t\t<section class=\"ob-is-breaking-bad elementor-section elementor-top-section elementor-element elementor-element-bd44b78 elementor-section-boxed elementor-section-height-default elementor-section-height-default\" data-id=\"bd44b78\" data-element_type=\"section\" data-settings=\"{&quot;_ob_bbad_use_it&quot;:&quot;yes&quot;,&quot;_ob_bbad_sssic_use&quot;:&quot;no&quot;,&quot;_ob_glider_is_slider&quot;:&quot;no&quot;}\">\n\t\t\t\t\t\t<div class=\"elementor-container elementor-column-gap-default\">\n\t\t\t\t\t<div class=\"elementor-column elementor-col-100 elementor-top-column elementor-element elementor-element-4bdd640\" data-id=\"4bdd640\" data-element_type=\"column\" data-settings=\"{&quot;_ob_bbad_is_stalker&quot;:&quot;no&quot;,&quot;_ob_teleporter_use&quot;:false,&quot;_ob_column_hoveranimator&quot;:&quot;no&quot;,&quot;_ob_column_has_pseudo&quot;:&quot;no&quot;}\">\n\t\t\t<div class=\"elementor-widget-wrap elementor-element-populated\">\n\t\t\t\t\t\t\t\t<div class=\"elementor-element elementor-element-c38d7c6 ob-harakiri-inherit elementor-widget elementor-widget-text-editor\" data-id=\"c38d7c6\" data-element_type=\"widget\" data-settings=\"{&quot;_ob_harakiri_writing_mode&quot;:&quot;inherit&quot;,&quot;_ob_perspektive_use&quot;:&quot;no&quot;,&quot;_ob_shadough_use&quot;:&quot;no&quot;,&quot;_ob_allow_hoveranimator&quot;:&quot;no&quot;,&quot;_ob_widget_stalker_use&quot;:&quot;no&quot;}\" data-widget_type=\"text-editor.default\">\n\t\t\t\t<div class=\"elementor-widget-container\">\n\t\t\t\t\t\t\t\t\t\t\t\t\t<\/div>\n\t\t\t\t<\/div>\n\t\t\t\t\t<\/div>\n\t\t<\/div>\n\t\t\t\t\t\t\t<\/div>\n\t\t<\/section>\n\t\t\t\t<section class=\"ob-is-breaking-bad elementor-section elementor-top-section elementor-element elementor-element-2eb8f09 elementor-section-boxed elementor-section-height-default elementor-section-height-default\" data-id=\"2eb8f09\" data-element_type=\"section\" data-settings=\"{&quot;_ob_bbad_use_it&quot;:&quot;yes&quot;,&quot;_ob_bbad_sssic_use&quot;:&quot;no&quot;,&quot;_ob_glider_is_slider&quot;:&quot;no&quot;}\">\n\t\t\t\t\t\t<div class=\"elementor-container elementor-column-gap-default\">\n\t\t\t\t\t<div class=\"elementor-column elementor-col-100 elementor-top-column elementor-element elementor-element-116ca8d\" data-id=\"116ca8d\" data-element_type=\"column\" data-settings=\"{&quot;_ob_bbad_is_stalker&quot;:&quot;no&quot;,&quot;_ob_teleporter_use&quot;:false,&quot;_ob_column_hoveranimator&quot;:&quot;no&quot;,&quot;_ob_column_has_pseudo&quot;:&quot;no&quot;}\">\n\t\t\t<div class=\"elementor-widget-wrap elementor-element-populated\">\n\t\t\t\t\t\t\t\t<div class=\"elementor-element elementor-element-712fb29 ob-harakiri-inherit elementor-widget elementor-widget-text-editor\" data-id=\"712fb29\" data-element_type=\"widget\" data-settings=\"{&quot;_ob_harakiri_writing_mode&quot;:&quot;inherit&quot;,&quot;_ob_perspektive_use&quot;:&quot;no&quot;,&quot;_ob_shadough_use&quot;:&quot;no&quot;,&quot;_ob_allow_hoveranimator&quot;:&quot;no&quot;,&quot;_ob_widget_stalker_use&quot;:&quot;no&quot;}\" data-widget_type=\"text-editor.default\">\n\t\t\t\t<div class=\"elementor-widget-container\">\n\t\t\t\t\t\t\t<p><strong><img loading=\"lazy\" decoding=\"async\" class=\"size-medium wp-image-1261 alignleft\" src=\"https:\/\/erkahome.hu\/wp-content\/uploads\/2022\/03\/12815-300x225.jpg\" alt=\"\" width=\"300\" height=\"225\" srcset=\"https:\/\/erkahome.hu\/wp-content\/uploads\/2022\/03\/12815-300x225.jpg 300w, https:\/\/erkahome.hu\/wp-content\/uploads\/2022\/03\/12815-1024x768.jpg 1024w, https:\/\/erkahome.hu\/wp-content\/uploads\/2022\/03\/12815-768x576.jpg 768w, https:\/\/erkahome.hu\/wp-content\/uploads\/2022\/03\/12815-1536x1153.jpg 1536w, https:\/\/erkahome.hu\/wp-content\/uploads\/2022\/03\/12815.jpg 2047w\" sizes=\"auto, (max-width: 300px) 100vw, 300px\" \/>Geoda &#8211; Interakt\u00edv \u00e1sv\u00e1ny \u00e9s \u0151sl\u00e9ny ki\u00e1ll\u00edt\u00e1s<\/strong><\/p><p>A Geoda olyan m\u00fazeum, ahol egy vezetett t\u00fara \u00e9s foglalkoz\u00e1s keret\u00e9n bel\u00fcl meg lehet ismerni a ki\u00e1ll\u00edtott \u00e1sv\u00e1nyokat \u00e9s \u0151sl\u00e9ny maradv\u00e1nyokat. A r\u00e9sztvev\u0151k kipr\u00f3b\u00e1lhatj\u00e1k az aranymos\u00e1st \u00e9s az \u00e9kszerk\u00e9sz\u00edt\u00e9st is.\u00a0<br \/><em><strong>Helysz\u00edn: Esztergom, Arany J\u00e1nos u. 5, 2500<\/strong><\/em><\/p>\t\t\t\t\t\t<\/div>\n\t\t\t\t<\/div>\n\t\t\t\t\t<\/div>\n\t\t<\/div>\n\t\t\t\t\t\t\t<\/div>\n\t\t<\/section>\n\t\t\t\t<section class=\"ob-is-breaking-bad elementor-section elementor-top-section elementor-element elementor-element-9c75000 elementor-section-boxed elementor-section-height-default elementor-section-height-default\" data-id=\"9c75000\" data-element_type=\"section\" data-settings=\"{&quot;_ob_bbad_use_it&quot;:&quot;yes&quot;,&quot;_ob_bbad_sssic_use&quot;:&quot;no&quot;,&quot;_ob_glider_is_slider&quot;:&quot;no&quot;}\">\n\t\t\t\t\t\t<div class=\"elementor-container elementor-column-gap-default\">\n\t\t\t\t\t<div class=\"elementor-column elementor-col-100 elementor-top-column elementor-element elementor-element-8730206\" data-id=\"8730206\" data-element_type=\"column\" data-settings=\"{&quot;_ob_bbad_is_stalker&quot;:&quot;no&quot;,&quot;_ob_teleporter_use&quot;:false,&quot;_ob_column_hoveranimator&quot;:&quot;no&quot;,&quot;_ob_column_has_pseudo&quot;:&quot;no&quot;}\">\n\t\t\t<div class=\"elementor-widget-wrap\">\n\t\t\t\t\t\t\t\t\t<\/div>\n\t\t<\/div>\n\t\t\t\t\t\t\t<\/div>\n\t\t<\/section>\n\t\t\t\t<section class=\"ob-is-breaking-bad elementor-section elementor-top-section elementor-element elementor-element-ace073b elementor-section-boxed elementor-section-height-default elementor-section-height-default\" data-id=\"ace073b\" data-element_type=\"section\" data-settings=\"{&quot;_ob_bbad_use_it&quot;:&quot;yes&quot;,&quot;_ob_bbad_sssic_use&quot;:&quot;no&quot;,&quot;_ob_glider_is_slider&quot;:&quot;no&quot;}\">\n\t\t\t\t\t\t<div class=\"elementor-container elementor-column-gap-default\">\n\t\t\t\t\t<div class=\"elementor-column elementor-col-100 elementor-top-column elementor-element elementor-element-350e6cd\" data-id=\"350e6cd\" data-element_type=\"column\" data-settings=\"{&quot;_ob_bbad_is_stalker&quot;:&quot;no&quot;,&quot;_ob_teleporter_use&quot;:false,&quot;_ob_column_hoveranimator&quot;:&quot;no&quot;,&quot;_ob_column_has_pseudo&quot;:&quot;no&quot;}\">\n\t\t\t<div class=\"elementor-widget-wrap elementor-element-populated\">\n\t\t\t\t\t\t\t\t<div class=\"elementor-element elementor-element-59e95b8 ob-harakiri-inherit elementor-widget elementor-widget-text-editor\" data-id=\"59e95b8\" data-element_type=\"widget\" data-settings=\"{&quot;_ob_harakiri_writing_mode&quot;:&quot;inherit&quot;,&quot;_ob_perspektive_use&quot;:&quot;no&quot;,&quot;_ob_shadough_use&quot;:&quot;no&quot;,&quot;_ob_allow_hoveranimator&quot;:&quot;no&quot;,&quot;_ob_widget_stalker_use&quot;:&quot;no&quot;}\" data-widget_type=\"text-editor.default\">\n\t\t\t\t<div class=\"elementor-widget-container\">\n\t\t\t\t\t\t\t<p><strong><img loading=\"lazy\" decoding=\"async\" class=\"size-medium wp-image-1263 alignleft\" src=\"https:\/\/erkahome.hu\/wp-content\/uploads\/2022\/03\/70168319_2503738716514525_8543105386750672896_n-300x300.jpg\" alt=\"\" width=\"300\" height=\"300\" srcset=\"https:\/\/erkahome.hu\/wp-content\/uploads\/2022\/03\/70168319_2503738716514525_8543105386750672896_n-300x300.jpg 300w, https:\/\/erkahome.hu\/wp-content\/uploads\/2022\/03\/70168319_2503738716514525_8543105386750672896_n-1024x1024.jpg 1024w, https:\/\/erkahome.hu\/wp-content\/uploads\/2022\/03\/70168319_2503738716514525_8543105386750672896_n-150x150.jpg 150w, https:\/\/erkahome.hu\/wp-content\/uploads\/2022\/03\/70168319_2503738716514525_8543105386750672896_n-768x768.jpg 768w, https:\/\/erkahome.hu\/wp-content\/uploads\/2022\/03\/70168319_2503738716514525_8543105386750672896_n-1536x1536.jpg 1536w, https:\/\/erkahome.hu\/wp-content\/uploads\/2022\/03\/70168319_2503738716514525_8543105386750672896_n.jpg 2048w\" sizes=\"auto, (max-width: 300px) 100vw, 300px\" \/>Mar\u00f3ti kiskert<\/strong><\/p><div class=\"elementor-element elementor-element-81cc5e6 elementor-widget elementor-widget-text-editor\" data-id=\"81cc5e6\" data-element_type=\"widget\" data-widget_type=\"text-editor.default\"><div class=\"elementor-widget-container\"><div class=\"elementor-text-editor elementor-clearfix\"><p>A Mar\u00f3ti Kiskert m\u0171hely\u00e9be szeretn\u00e9nk bek\u00f6lt\u00f6ztetni az Alkot\u00e1st, megismerkedni szenved\u00e9lyes hobbist\u00e1k hobbij\u00e1val, amat\u0151rb\u0151l lett profik tr\u00fckkjeivel, v\u00e9rbeli szakemberek precizit\u00e1s\u00e1val vagy \u00e9ppen a tapasztalt \u201cv\u00e9n r\u00f3k\u00e1k\u201d felhalmozott tud\u00e1s\u00e1val, akiket mind ugyanaz a v\u00e1gy f\u0171t: l\u00e9trehozni \u00fajra meg \u00fajra valami finomat, \u00fajat, sz\u00e9pet \u00e9s egyedit, legyen az egy kov\u00e1szolt keny\u00e9r vagy \u00e9ppen egy makram\u00e9 t\u00e1ska.<br \/><em><strong>Helysz\u00edn: Pilismar\u00f3t, K\u00f6zt\u00e1rsas\u00e1g t\u00e9r 9, 2028<\/strong><\/em><\/p><\/div><\/div><\/div>\t\t\t\t\t\t<\/div>\n\t\t\t\t<\/div>\n\t\t\t\t\t<\/div>\n\t\t<\/div>\n\t\t\t\t\t\t\t<\/div>\n\t\t<\/section>\n\t\t\t\t\t\t<\/div>\n\t\t\t\t\t<\/div>\n\t\t","protected":false},"excerpt":{"rendered":"<p>Geoda &#8211; Interakt\u00edv \u00e1sv\u00e1ny \u00e9s \u0151sl\u00e9ny ki\u00e1ll\u00edt\u00e1s A Geoda olyan m\u00fazeum, ahol egy vezetett t\u00fara \u00e9s foglalkoz\u00e1s keret\u00e9n bel\u00fcl meg lehet ismerni a ki\u00e1ll\u00edtott \u00e1sv\u00e1nyokat \u00e9s \u0151sl\u00e9ny maradv\u00e1nyokat. A r\u00e9sztvev\u0151k kipr\u00f3b\u00e1lhatj\u00e1k az aranymos\u00e1st \u00e9s az \u00e9kszerk\u00e9sz\u00edt\u00e9st is.\u00a0Helysz\u00edn: Esztergom, Arany J\u00e1nos u. 5, 2500 Mar\u00f3ti kiskert A Mar\u00f3ti Kiskert m\u0171hely\u00e9be szeretn\u00e9nk bek\u00f6lt\u00f6ztetni az Alkot\u00e1st, megismerkedni szenved\u00e9lyes [&hellip;]<\/p>\n","protected":false},"author":1,"featured_media":0,"parent":0,"menu_order":0,"comment_status":"closed","ping_status":"closed","template":"","meta":{"footnotes":""},"class_list":["post-501","page","type-page","status-publish","hentry","entry"],"_links":{"self":[{"href":"https:\/\/erkahome.hu\/index.php?rest_route=\/wp\/v2\/pages\/501","targetHints":{"allow":["GET"]}}],"collection":[{"href":"https:\/\/erkahome.hu\/index.php?rest_route=\/wp\/v2\/pages"}],"about":[{"href":"https:\/\/erkahome.hu\/index.php?rest_route=\/wp\/v2\/types\/page"}],"author":[{"embeddable":true,"href":"https:\/\/erkahome.hu\/index.php?rest_route=\/wp\/v2\/users\/1"}],"replies":[{"embeddable":true,"href":"https:\/\/erkahome.hu\/index.php?rest_route=%2Fwp%2Fv2%2Fcomments&post=501"}],"version-history":[{"count":66,"href":"https:\/\/erkahome.hu\/index.php?rest_route=\/wp\/v2\/pages\/501\/revisions"}],"predecessor-version":[{"id":1569,"href":"https:\/\/erkahome.hu\/index.php?rest_route=\/wp\/v2\/pages\/501\/revisions\/1569"}],"wp:attachment":[{"href":"https:\/\/erkahome.hu\/index.php?rest_route=%2Fwp%2Fv2%2Fmedia&parent=501"}],"curies":[{"name":"wp","href":"https:\/\/api.w.org\/{rel}","templated":true}]}}